 k*h - 16, 0*b = -4*b + h + 7. Suppose -w + 136 = 4*w + 3*l, -5*w + b*l = -154. What is the tens digit of w?
2
Let z be ((-66)/9)/(-2) - (-6)/18. Let r = -3 - 1. What is the units digit of r + 3 + z - -3?
6
Suppose -11 = -4*u + 3*g, -4*u + 4*g = -0*u - 8. Let i be 26/5 + (-2)/10. Suppose q - 2*q - i*c + 28 = 0, -3*q + 144 = -u*c. What is the units digit of q?
3
Suppose 0 = m - 5*i - 11, 2*m + 0*i + 14 = -2*i. What is the tens digit of (-156)/(-3) + m + 6?
5
Suppose -2*t + 242 = -1858. Suppose l - 8*l = -t. What is the units digit of l?
0
Suppose 3*s + 0*s = 2*a + 271, -5*s + a = -454. Let h = s - 65. Suppose -3*j + 4*m = -78, 2*j - j - h = -m. What is the units digit of j?
6
Let f = -10 + 12. Suppose -7 = k - f*k. What is the tens digit of (k + -6)/(2/26)?
1
Suppose 946 - 181 = 5*z. Suppose -8*q + 3*t = -7*q - z, 444 = 3*q - 4*t. What is the units digit of q?
4
Let c = 26 - 17. Suppose -c*a = -7*a - 50. What is the tens digit of a?
2
Suppose -791*z + 800*z = 11799. What is the hundreds digit of z?
3
Suppose -99 + 579 = 4*t. Let i(x) = -3*x - 1. Let s be i(-1). Suppose -5*d - s*h + 120 = 0, 5*d - 2*h - t = -3*h. What is the units digit of d?
4
Suppose -6*j + 1597 = 1105. What is the units digit of j?
2
Let h(p) be the second derivative of p**4/12 + p**3/3 - 7*p**2/2 - 3*p. Let b(w) = -w**2 - 7*w + 2. Let x be b(-8). What is the tens digit of h(x)?
1
Let t = 178 - -406. Let u = t - 365. What is the tens digit of u?
1
Let t be 4/1 - 26/13. Suppose -2*q - t*q = 5*v - 577, v = -2*q + 281. What is the units digit of q?
8
Suppose -2*j + 5*z + 997 = 0, 0 = 5*j - 3*j - 4*z - 998. Suppose -16*y + 3579 = -j. What is the hundreds digit of y?
2
Let d = 1 + 12. Let y = d - 11. What is the units digit of y?
2
Let g(l) = 2*l - 20. Let z be g(10). Suppose 6*w - 81 - 9 = z. What is the units digit of w?
5
Suppose 8 = -2*c, -3*p + c + 14 = -8. Suppose -5*d + p*d - 34 = -2*q, 4*d = 2*q + 186. What is the tens digit of d?
4
Let g(z) = 3*z - 1. Let h be g(-5). Let p be -3 + 3*h/(-6). Suppose p*i = 3*w + 3, 4*i + 0*i = 3*w. What is the units digit of i?
3
Let a(z) = -z**2 + z + 3. Let j be (-1 - 1) + -3 + 7. Let h be j/(-3) - 4/(-6). What is the units digit of a(h)?
3
Suppose 7*h - 341 = 219. Suppose -v + h + 106 = 0. Suppose -w - 2*w = -v. What is the units digit of w?
2
Let h = 771 - 345. What is the units digit of h?
6
Suppose -33*j = -19*j - 10836. What is the hundreds digit of j?
7
Let u(z) = -62*z + 807. What is the thousands digit of u(-21)?
2
Suppose 15 = 4*d - 5. Suppose 3*n + 69 = 3*o, -7*n + 165 = d*o - 2*n. Suppose -3*t + 5*t - o = 0. What is the tens digit of t?
1
Suppose 12 = 3*x, 3*j + 0*x - 4121 = -2*x. What is the units digit of j?
1
Let b(n) = -n**2 - 5*n - 9. Let l(w) = -w + 1. Let k(p) = -b(p) - l(p). Let y be k(4). Suppose -y = -h - h. What is the tens digit of h?
2
Let v(f) = f**2 - 5*f + 2. Let h be v(5). Let x be h/((-1)/(-6)*4). Suppose -2*j + 3*j + 2*b = 7, -x*j = -2*b - 13. What is the units digit of j?
5
Suppose 2*j + 252 = -2*l + 3*l, -l - 2*j + 264 = 0. What is the tens digit of l?
5
Suppose 3*c - m = 4*m + 25, 3*c - m = 41. Suppose 0*y - 5*y + c = 0, -3*q + 180 = y. What is the tens digit of q?
5
Let r = 31 - 31. Suppose -j = -0*j + 2*f - 47, -3*j + 2*f = -101. Suppose 6 + j = 3*x + 2*t, 5*x + 5*t - 70 = r. What is the tens digit of x?
1
Suppose u - 5*t = 15, 3*u - 52 = -4*t - 7. Let f be (1 + (-3)/u)*10. What is the units digit of (22/f)/((-9)/(-36))?
1
Let x(r) = -r**2 - 13*r + 20. Let v be x(-15). What is the tens digit of -3*5/6*v?
2
Let g(u) = -2*u + 186. What is the hundreds digit of g(-12)?
2
Let x(q) = -q**3 + 8*q**2 - 6*q - 1. Let s be x(7). Suppose -8 = -5*m - b - 35, m + 4*b - s = 0. Let d(y) = y**2 + 4*y + 21. What is the tens digit of d(m)?
3
Let p = 3 + 1. Let w(r) = -r + 16. Let j be w(13). Suppose -171 = -p*i - 3*m, -44 = -2*i + j*m + 55. What is the tens digit of i?
4
Let i(u) = -u**3 + 5*u**2 + 9*u + 4. Let x be 2 + (7 - 2) - (0 + 2). What is the tens digit of i(x)?
4
Let a(g) = -g**3 + 2*g**2 - 2*g + 2*g - 8*g + 1. What is the tens digit of a(-3)?
7
Suppose -4*j - 4*b = 84, -j - 4*b + 8 - 20 = 0. Let y = 66 + j. What is the units digit of y + 4 + (-16)/2?
8
Let u be (16 - 17)*(-1 + (9 - -1)). What is the hundreds digit of 2/(6/u) + (144 - -5)?
1
Let s(q) = q**2 + 8*q - 5. Suppose 4*h - 3*k = k - 16, 3*k = -h - 24. Let o be s(h). What is the units digit of (-5 + o)*-7*1?
7
Suppose -u + 1138 + 592 = 0. What is the thousands digit of u?
1
Suppose 3*j = -w + 137, 0 = -5*j + 7 - 27. Suppose 5*n = 141 + w. What is the units digit of n?
8
Let n(p) = 7*p - 2. Let z be n(2). Let y be z/((-3)/24*-3). Let a = -19 + y. What is the units digit of a?
3
Let n = 20 + -15. What is the units digit of n?
5
Suppose c = -3*y - 147, -2*y - 3*y - 4*c - 252 = 0. Let i = -917 - -917. Let m = i - y. What is the tens digit of m?
4
Suppose 0 = 5*a - a + 16. Let u be -10 - 12/a - 1. What is the units digit of u/20 + (-47)/(-5)?
9
Let v(n) = n**3 - 5*n**2 - 27*n + 7. What is the thousands digit of v(13)?
1
Suppose -4*k + 5*r + 4552 = 0, -5*k + 2258 = -3*k + 2*r. What is the units digit of k?
3
Let v(x) = -2*x - 7. Let m be v(-4). Let i(b) = 4*b - 2. Let d be i(m). Suppose z = l - 0*l + 9, -8 = -d*z + 4*l. What is the units digit of z?
4
Let f(z) = 695*z - 154. What is the hundreds digit of f(4)?
6
Let a(p) = -7*p**3 + 3*p**2 + 4*p + 5. Let q be a(4). Let d = q + 613. What is the units digit of d?
4
Suppose 3*t - 4*s + 7*s - 411 = 0, 0 = -3*t + 5*s + 411. What is the hundreds digit of t?
1
Suppose -5*h + 4*c - 16 = -0*h, 3*h - 4*c = -16. Let v(j) = j**2 + 12 + 3*j + 5*j - 7*j. What is the units digit of v(h)?
2
Suppose -30 = 5*x - 0*x. Let l be (x + 7)*328*4. What is the units digit of (-2)/3 - l/(-24)?
4
Suppose s - 1 = 1. Suppose -5*q - 22 - 713 = -5*h, -s*q + 756 = 5*h. Suppose -5*o = -h + 30. What is the units digit of o?
4
Suppose 2*x - 2*o + 5 = x, -5*o = -3*x - 12. Let j be (7 - 11)/(-2*x). Suppose 0 = m + 5*q - 25, m + j*m = 5*q - 5. What is the units digit of m?
5
Suppose -l - 5*r + 13 = -148, 286 = 2*l + r. Suppose 147*y - 18 = l*y. What is the units digit of y?
3
Let z(x) = x**3 - 6*x**2 - 36*x + 4. What is the hundreds digit of z(14)?
0
Let b(a) = -a - 3. Let q(c) = -c**2 - 8*c - 1. Let r be q(-9). What is the units digit of b(r)?
7
Let v be (-3 - -57)/(-1)*(-2)/4. Suppose 41*l - 112 = v*l. What is the units digit of l?
8
Suppose 2*i - 3 + 4 = 5*j, -4*i = -5*j - 3. Suppose -i*s = 2*k + 2, 3*s + 20 = 4*k + 3. What is the units digit of s/9*0 + 5?
5
Let x = -78 - -82. What is the tens digit of 48/(-2)*(4 + (-23)/x)?
4
Let h = -7 + 7. Let d = h - -9. Let a = d - -33. What is the tens digit of a?
4
Suppose -9*t - 35 = -14*t. Suppose 0 = -2*n + 4*g + 68, 2*g + 23 = 2*n + t*g. What is the tens digit of n?
2
Let i be (-2 - -1) + 2 - (0 - 1). What is the units digit of -34*i*4/(-8)?
4
Suppose 55*p = 52*p + 144. What is the units digit of p?
8
Suppose 7*r - 287 = -0*r. What is the units digit of r?
1
Let z(f) = -4*f - 4*f + 10*f + 2*f - 4. What is the tens digit of z(8)?
2
Suppose -4*b = -b - k + 23, 0 = -3*b + 5*k - 19. Let x be 226/(-7) + (-2)/(-7). Let o = b - x. What is the units digit of o?
4
Suppose -3*b - r = -86, -130 = -5*b + 2*r + 3*r. Suppose -2*n + 126 = 3*o - b, -n = 2*o - 104. What is the tens digit of o?
5
Suppose 0 = x + 3*x + d - 21, 0 = 5*x - d - 24. Suppose q + m + 56 = 6*q, x*q + 4*m = 51. Suppose 8*s - q*s = -30. What is the units digit of s?
0
Suppose -5*t - 3*v = 5, -2*t = -v - 3*v - 24. Let q be t/(-9) - (-80)/36. What is the tens digit of (q - -18 - 3) + -1?
1
What is the tens digit of 9/((-54)/(-1272)) - (-4)/1?
1
Suppose 0 = 4*f + 12 + 8. Let s(r) = -25*r - 30. What is the units digit of s(f)?
5
Suppose 25*a + 7293 = 38*a. What is the units digit of a?
1
Let o(s) = s**3 - 5*s + 5. Let q be o(2). Suppose 3*t + t - 623 = q*k, t - 3*k = 149. What is the units digit of t?
8
Suppose -4*w = 4*t - 16, -7 + 4 = -2*w + 3*t. Suppose 4*l - 128 = -w*k, 2*l + k - 64 = -0*k. Suppose 0 = -3*o + 5*o - l. What is the tens digit of o?
1
Suppose -3*q + 22 = -5*r - 11, 0 = -2*q + 3*r + 21. Suppose -x = -8 + q. Suppose -3*w = x*s - 146, 5*w = -s - 21 + 87. What is the tens digit of s?
7
Suppose y + 371 = 3*n, 2*y - 245 = -2*n + 5*y. 